uppose 5*l + 9 = 2*l. Let c(m) be the first derivative of -m**2/2 - 3*m - 32. What is c(l)?
0
Let y = 7 + 3. Let c = y - 9. Let g(s) = -1 - 5*s + 3*s - 3 + c. What is g(3)?
-9
Let k(d) be the first derivative of d**4/4 - 23*d**3/3 + 11*d**2 - 30. What is k(22)?
0
Let b(l) = 2 - l**2 - 3*l + 4 + 0*l**2 - 4. Let h(w) = -2*w + 11. Let o(x) = 8*x**3 - x + 1. Let i be o(1). Let s be h(i). What is b(s)?
-8
Let b(r) be the third derivative of -r**6/120 - r**5/15 - r**4/8 - r**3 - 409*r**2. Give b(-3).
-6
Let p(u) = -3*u - 13. Let o be (20 + -2)/(5*(-18)/45). Determine p(o).
14
Let v(w) = w**2 - 3*w. Suppose -7*h = -3*h. Let c be v(h). Let g(n) be the second derivative of -n**3/6 - 7*n**2/2 + n. Determine g(c).
-7
Let u(k) = 2*k - 1. Let a(p) = -6 - p**2 - p**3 + 7*p + p - 3*p + 5*p**2. Let q be a(5). Determine u(q).
-13
Let i(n) be the second derivative of -n**5/20 + 5*n**4/6 - 5*n**2/2 + 974*n. What is i(10)?
-5
Let s(y) be the first derivative of y**2 - 5*y - 64. What is s(6)?
7
Let n(d) = -4*d**3 - 3*d - 2. Let u(q) = -q**3 - q - 2. Let g(w) = n(w) - 3*u(w). Calculate g(0).
4
Let t(x) = -16*x + 10. Let y(q) = 11*q - 7. Let s(b) = 5*t(b) + 7*y(b). Let i be (-6)/168*44 - 8/(-14). What is s(i)?
4
Suppose -4*o + 11 - 27 = -4*w, 2*o + 5*w = 20. Let b be (-4 - 1)/((-35)/21). Let d(p) = 2*p + p**2 + p + p - b*p + 7. Determine d(o).
7
Let o(g) be the second derivative of g**3 + 0 - 1/12*g**4 + 4*g**2 - 6*g. Let l = 23 - 16. What is o(l)?
1
Let s be (-2)/7 + 994/49. Let v(u) = u**3 + 4*u**2 - 8*u - 9. Let o be v(-4). Let f = s - o. Let p(h) = h**2 + 3. Calculate p(f).
12
Let v be (-3)/2*(-8)/3. Let d be v/(12/(-3))*1. Let s(y) = -9*y**3 - 2*y**2 + 1. Determine s(d).
8
Let s(n) = 30*n + 5 - 1 - 29*n. Let t(c) = c - 10. Let y be t(7). Give s(y).
1
Let g(y) = 0 + 22*y - 20*y + 9. Let l(a) = -a**3 + 12*a**2 - 26*a - 17. Let r be l(9). Calculate g(r).
-7
Let d be 2 - 0*2/8. Let o(w) = 3*w + 6 + w**d - 4 - 4. Calculate o(-2).
-4
Suppose 2*c + 24 = 86. Let x = c + -28. Let i(o) = -2 + 0*o + 3*o**2 + o - o**3 - 2. Determine i(x).
-1
Let g(t) = t**3 - 6*t**2 + 6*t + 1. Suppose 5*b - 19 = 2*m - 0*m, 3*m - 5*b + 16 = 0. Suppose -m*w - 1 = -16. What is g(w)?
6
Suppose -20 = 2*c + o, 2*c - o = -c - 40. Let d be (-51)/(-12) - (-3)/c. Let g(b) = -b**2 + 5*b - 4. Give g(d).
0
Let l be 2/(-12) - (-39)/18. Let k be (l - 1)/((-2)/(-4)). Let t(u) = k*u**2 - 2*u + 0*u - 2 - 2*u - 3*u**2. What is t(-3)?
1
Let w(y) = y**2 - 2. Let n be 1 + (1 - (-20)/5). Suppose 3*s - n*s - 6 = 3*f, f + 2*s = 0. Give w(f).
14
Let j(n) = 5*n**2 + 2 + n**2 + 4*n - 4*n**2. Let b = 756 + -758. Calculate j(b).
2
Let h(x) = 2*x - 6. Suppose q = -r + 4 + 1, -4*r + q + 30 = 0. Suppose z - 3*n - 10 = 0, -3*z - 3*n - 31 = -r*z. Calculate h(z).
8
Let f(r) = 7*r + 254. Let w be f(-38). Let m(q) be the first derivative of q**3/3 + 6*q**2 - 4*q - 4. Calculate m(w).
-4
Let s(a) = -90*a + 32 + 169*a - a**3 - 41 + 8*a**2 - 83*a. Give s(7).
12
Let m = -6 - -8. Let k(c) = -2 - 7*c + 6*c**m - 10*c**2 + 8*c**2. Let s(g) = 11*g**2 - 20*g - 7. Let d(l) = 8*k(l) - 3*s(l). Determine d(6).
-7
Let c be (-3)/21*-1 + (-123)/(-21). Let b(h) = 2*h**2 + 0 - c*h**2 + 1 + 2*h**2 - h. What is b(1)?
-2
Let d = -2 - -3. Suppose -5*s + 21 = d. Let p(k) = 2 - 9*k + 4*k + 3*k + 4*k. Calculate p(s).
10
Suppose 2*h - 2*c = 3*c - 33, -5*h - 40 = -4*c. Let f = h - -6. Let v(m) = -2*m. Let w(z) = 2*z + 1. Let y(u) = 3*v(u) + 2*w(u). Give y(f).
-2
Let m = -14 - -4. Let t = -6 - m. Suppose -3*o - 6 = 0, -h + 4*h = -4*o + t. Let s(d) = d**3 - 4*d**2 - 2*d + 5. Calculate s(h).
-3
Let a = -377 + 386. Let k(z) = -z**3 + 8*z**2 + 9*z + 10. Calculate k(a).
10
Let g(k) = -2 - 22 + 4 - 20*k. Let t(v) = -7*v - 7. Suppose 0 = 126*w - 141*w + 90. Let r(z) = w*g(z) - 17*t(z). Determine r(-6).
5
Suppose 0 = 5*g - 0*g + 45. Let s = 14 + g. Let y(v) = -v**3 + v - v**3 + v**3 + s*v**2 + 1. What is y(5)?
6
Let z(k) be the second derivative of -k**7/2520 + k**6/120 + k**5/24 - k**4/4 + 15*k. Let a(v) be the third derivative of z(v). Give a(6).
5
Let z(o) = 67*o**3 - 2 - 2*o**2 - 3*o - 68*o**3 + 0. Let u be (-140)/(-210)*(1 + -2)*3. Determine z(u).
4
Let v(o) = o**2 + 8*o - 1. Let y(k) = -2*k**2 - 9*k. Let a(d) = 3*v(d) + 2*y(d). Let b(f) = -f + 6. Let n be b(8). Let g = n + 6. Determine a(g).
5
Let c(v) = 6 + 75*v - 25*v - 31*v - 26*v + v**2. Give c(6).
0
Let m(o) = -6*o + 3. Let w(t) = -30*t - 122. Let k be w(-4). What is m(k)?
15
Suppose 7*q + 3 = 122. Let n(x) = 5*x**2 + 6 - q + 3*x - x**3 + 9. Let r(b) = -b**3 + 4*b**2 + 6*b. Let a be r(5). Calculate n(a).
13
Let y(c) = -5*c + 5. Let j(l) = -3*l - 2. Let i(u) = 3*j(u) + y(u). Give i(1).
-15
Let o(a) = a**3 - 2*a**2 - a + 5. Let z be o(3). Let d(v) = 4*v**3 - 10*v**2 - 10*v + 2*v**3 - 5*v**3 + 3058 - 3065. Determine d(z).
4
Let n(q) = -5*q + 11. Let x be n(1). Let y(r) = 2*r + 8. What is y(x)?
20
Let j(b) = -b + 14. Suppose 21 = 4*o + 5*m - 2*m, 3*o - 2*m - 37 = 0. Give j(o).
5
Let q(u) = 2251821 + 4*u - 6*u - 2251824. Let f = 2 + -7. Give q(f).
7
Let c(b) = -2*b**2 + b - 2. Let j = 16 - 11. Suppose -p = -j*p. Let x be 4 - 2 - (4 + p). Determine c(x).
-12
Let h(r) be the second derivative of -r**3/3 - 5*r**2/2 - 15*r. Suppose 4*c = -c + 20. Determine h(c).
-13
Let p be (8/(-6))/(3/9). Let w(g) be the third derivative of -g**5/60 - g**4/8 + 2*g**3/3 - 99*g**2. What is w(p)?
0
Let i be (-22)/(-12) + (-1)/(-6). Suppose 5*f = 7*f + i. Let r(g) = -4*g**3 - g**2 - g - 1. Give r(f).
3
Let m(a) be the second derivative of 1/20*a**5 - 3*a - 7/2*a**2 + 7/12*a**4 + 0 - 1/3*a**3. Determine m(-7).
7
Let t(l) = 18 + 20 + 45*l - 31 - 44*l. Calculate t(-4).
3
Let l(n) = 2*n**2 + 13*n + 11. Let t be (-70)/21*9/5. Let r be l(t). Let h(a) = -a**3 + 6*a**2 - 5*a - 1. Give h(r).
-1
Let o(m) = 4*m - 4. Let y(k) = -4*k + 1. Let z(q) = 4*o(q) + 3*y(q). Calculate z(-3).
-25
Let d be ((-15)/(-25))/(1/5). Let m(w) = w**2 - 3*w. Let j(t) = t**2 - 6*t. Let g(l) = d*j(l) - 5*m(l). Let s be g(-2). Let r(y) = y**2 + 2*y. Give r(s).
0
Let g = 1 - -2. Let k(h) = -6*h**2 + 3*h**2 + 4*h**2 + h**3 + 2 + g. Suppose -7*q = 2*y - 2*q, 4*y - q = 0. Calculate k(y).
5
Let a(s) be the second derivative of -s**5/60 + s**4/4 - s**3/3 - 15*s**2/2 + 26*s. Let v(k) be the first derivative of a(k). Give v(5).
3
Let h(w) = -w**2 + 5*w + 21. Suppose -268*b + 275*b = 49. What is h(b)?
7
Suppose 5*r = 4*m + 45, 4 + 1 = -3*r - 4*m. Let t(b) = 6*b**2 - 5 + 4 - r*b**2 - b + 0. Suppose -2*s + 1 = y, 2*y = 3*s - 5*s - 2. Determine t(s).
1
Let m(r) = 3*r - 4. Let s = 322 - 316. Give m(s).
14
Let d = -25 + 28. Let f(o) = o. Let g(c) = 2*c - 6. Let z(k) = d*f(k) - g(k). Give z(-3).
3
Let q(x) = -x**3 - 4*x**2 + 3*x + 4. Suppose j + 4 = -4*l - 20, -5*l - 17 = -2*j. Calculate q(j).
-8
Let o = -87 + 76. Let u(k) = 9*k**2 + 12*k - 17. Let w(s) = 5*s**2 + 6*s - 9. Let v(t) = o*w(t) + 6*u(t). Give v(2).
5
Let v(i) = -i**2 - 9*i + 1. Suppose 0 = -3*g + 3*u - 27, -23 = -g + 4*g - u. Calculate v(g).
15
Suppose -3*j - 3*r = 30 - 6, -2*r - 6 = 0. Suppose -2*m = k - 3*k + 2, 4*m = 3*k - 4. Let z(n) = -n + 2 + 0*n + k*n. Give z(j).
7
Let i(q) = -q**3 - 6*q**2 - 3*q + 1. Suppose -y + u - 3*u = 0, 0 = -3*y - 5*u. Let n(r) = r - 1 + r + y*r. Let x be n(-2). Determine i(x).
-9
Let b(f) = -5*f - 1. Let i(w) = 53*w + 209. Let l be i(-4). Calculate b(l).
14
Let j(x) = -2*x**2 - 4*x. Suppose 5*b = -w + 3*w - 14, -2*b = -3*w - 1. Give j(w).
-6
Let l(n) = -3*n - 9. Let x be (-420)/49 + 5 + (-16)/(-28). Calculate l(x).
0
Let q = -7 - -4. Let p be (-11)/3 + 1/q. Let d(g) be the first derivative of -3*g**2/2 - 4*g - 681. What is d(p)?
8
Suppose -2*v - 16 = 5*b, 4*v - 2*b - 28 = -12. Suppose k + 5*l + 1 = v*l, 5 = 3*k + l. Let z(j) = 3*j. Give z(k).
6
Let a = 17 + -12. Let v(z) = 3*z**2 - 2*z - 1. Let j(k) = 13*k**2 - 8*k - 2. Let q(m) = 2*j(m) - 9*v(m). What is q(a)?
-10
Let i(v) = 0 + v + 4 + 7. Determine i(-7).
4
Suppose -f - 1 + 35 = 4*b, f = b + 14. Let x = 23 - f. Suppose x*l + 31 = 1. Let y(t) = -2*t - 6. Calculate y(l).
6
Let s(i) = -6*i**3 + i**2 + 18*i. Let x(t) = 5*t**3 - 16*t. Let z(k) = -6*s(k) - 7*x(k). What is z(6)?
24
Let o = 22 - 28. Let x(q) be the second derivative of q**4/12 + q**3 - q**2 + 3*q. Determine x(o).
-2
Let z(n) = -n**2 - 14*n - 24. Let p be z(-6). Let w(v) 